{"id":39,"date":"2020-06-29T14:45:47","date_gmt":"2020-06-29T14:45:47","guid":{"rendered":"http:\/\/www.museumsargans.ch\/neu\/?page_id=39"},"modified":"2025-03-29T12:11:13","modified_gmt":"2025-03-29T12:11:13","slug":"museum-sarganserland","status":"publish","type":"page","link":"https:\/\/www.museumsargans.ch\/neu\/museum-sarganserland\/","title":{"rendered":"Museum Sarganserland"},"content":{"rendered":"<div  class=\"grids-section bereichEinleitung grids-is-stretch alignfull\" style=\"--_gs-gap-desktop:0px 0px;--_gs-m-desktop:0 0 0px 0;--_gs-p-desktop:50px 0 50px 0;--_gs-bg-desktop:#e8e8e8 none;--_gs-bg-xp-desktop:0px;--_gs-zi-desktop:auto;--_gs-d-desktop:block;--_gs-mw-desktop:calc(100% - 0 - 0);--_gs-gap-tablet:0px 0px;--_gs-m-tablet:0 0 0px 0;--_gs-p-tablet:50px 0 50px 0;--_gs-bg-tablet:#e8e8e8 none;--_gs-bg-xp-tablet:0px;--_gs-zi-tablet:auto;--_gs-d-tablet:block;--_gs-mw-tablet:calc(100% - 0 - 0);--_gs-gap-mobile:0px 0px;--_gs-m-mobile:0 0 0px 0;--_gs-p-mobile:20px 0 20px 0;--_gs-bg-mobile:#e8e8e8 none;--_gs-bg-xp-mobile:0px;--_gs-zi-mobile:auto;--_gs-d-mobile:block;--_gs-mw-mobile:calc(100% - 0 - 0);--_gs-columns:1;--_gs-rows:1\"><div class=\"grids-s-w_i\">\n<div class=\"grids-area\" style=\"--_ga-column:1\/2;--_ga-row:1\/2;--_ga-m-desktop:0 0 0 0;--_ga-p-desktop:0 0 0 0;--_ga-bg-desktop:transparent none;--_ga-zi-desktop:auto;--_ga-d-desktop:flex;--_ga-mw-desktop:calc(100% - 0 - 0);--_ga-m-tablet:0 0 0 0;--_ga-p-tablet:0 0 0 0;--_ga-bg-tablet:transparent none;--_ga-zi-tablet:auto;--_ga-d-tablet:flex;--_ga-mw-tablet:calc(100% - 0 - 0);--_ga-m-mobile:0 0 0 0;--_ga-p-mobile:0 0 0 0;--_ga-bg-mobile:transparent none;--_ga-zi-mobile:auto;--_ga-d-mobile:flex;--_ga-mw-mobile:calc(100% - 0 - 0)\">\n<div  class=\"grids-section section-inner grids-is-stretch\" style=\"--_gs-gap-desktop:0px 0px;--_gs-m-desktop:0 0 0 0;--_gs-p-desktop:0 0 0 0;--_gs-bg-desktop:transparent none;--_gs-bg-xp-desktop:0px;--_gs-zi-desktop:auto;--_gs-d-desktop:block;--_gs-mw-desktop:calc(100% - 0 - 0);--_gs-gap-tablet:0px 0px;--_gs-m-tablet:0 0 0 0;--_gs-p-tablet:0 0 0 0;--_gs-bg-tablet:transparent none;--_gs-bg-xp-tablet:0px;--_gs-zi-tablet:auto;--_gs-d-tablet:block;--_gs-mw-tablet:calc(100% - 0 - 0);--_gs-gap-mobile:0px 0px;--_gs-m-mobile:0 0 0 0;--_gs-p-mobile:0 0 0 0;--_gs-bg-mobile:transparent none;--_gs-bg-xp-mobile:0px;--_gs-zi-mobile:auto;--_gs-d-mobile:block;--_gs-mw-mobile:calc(100% - 0 - 0);--_gs-columns:3;--_gs-rows:1\"><div class=\"grids-s-w_i\">\n<div class=\"grids-area\" style=\"--_ga-column:1\/3;--_ga-row:1\/2;--_ga-m-desktop:0 0 0 0;--_ga-p-desktop:0 10% 0 0;--_ga-bg-desktop:transparent none;--_ga-zi-desktop:auto;--_ga-d-desktop:flex;--_ga-mw-desktop:calc(100% - 0 - 0);--_ga-m-tablet:0 0 0 0;--_ga-p-tablet:0 10% 0 0;--_ga-bg-tablet:transparent none;--_ga-zi-tablet:auto;--_ga-d-tablet:flex;--_ga-mw-tablet:calc(100% - 0 - 0);--_ga-m-mobile:0 0 0 0;--_ga-p-mobile:0 0% 0 0;--_ga-bg-mobile:transparent none;--_ga-zi-mobile:auto;--_ga-d-mobile:flex;--_ga-mw-mobile:calc(100% - 0 - 0)\">\n\n<h2 class=\"wp-block-heading\">Willkommen im Museum<\/h2>\n\n\n\n<p class=\"lead\">Im 900-j\u00e4hrigen Turm des Schlosses Sargans gibt es viel Geschichte und Kultur des Sarganserlandes zu entdecken. <\/p>\n\n\n\n<p>Herzlich willkommen im Museum Sarganserland. Steigen Sie die Treppen hoch, erkunden Sie romantische Winkel und Ecken, Sagen und Geschichten! Wir freuen uns auf Ihren Besuch. <\/p>\n\n\n\n<div class=\"wp-block-button\"><a class=\"wp-block-button__link\" href=\"#buchen\">Besuchen Sie uns<\/a><\/div>\n\n<\/div>\n\n<div class=\"grids-area aktuell\" style=\"--_ga-column:3\/4;--_ga-row:1\/2;--_ga-m-desktop:0 0 0 0;--_ga-p-desktop:20px 20px 0 20px;--_ga-bg-desktop:#006eb9 none;--_ga-zi-desktop:auto;--_ga-d-desktop:flex;--_ga-mw-desktop:calc(100% - 0 - 0);--_ga-m-tablet:0 0 0 0;--_ga-p-tablet:20px 20px 20px 20px;--_ga-bg-tablet:#006eb9 none;--_ga-zi-tablet:auto;--_ga-d-tablet:flex;--_ga-mw-tablet:calc(100% - 0 - 0);--_ga-m-mobile:20px 0 0 0;--_ga-p-mobile:20px 20px 20px 20px;--_ga-bg-mobile:#006eb9 none;--_ga-zi-mobile:auto;--_ga-d-mobile:flex;--_ga-mw-mobile:calc(100% - 0 - 0)\">\n\n<h4 class=\"has-background-color has-text-color wp-block-heading\">Aktuell<\/h4>\n\n\n\n<p class=\"has-background-color has-text-color\"><strong>Sonderausstellung 2025 <\/strong>&#8222;Schwingen: vom Hosenlupf zum Nationalsport&#8220;<\/p>\n\n\n\n<p class=\"has-background-color has-text-color\">\u00d6ffentliche F\u00fchrungen auf\u00a0<strong>Schloss Sargans<\/strong>: jeweils am 1. Sonntag des Monats: 06.04., 04.05., 01.06., 06.07., 03.08., 07.09., 05.10., 10.00 Schlosshof Sargans<\/p>\n\n\n\n<p class=\"has-background-color has-text-color\">\u00d6ffentliche F\u00fchrungen <strong>Sarganser Kulturpfad<\/strong>: 07.05, 04.06, 06.08., 03.09., 01.10. Beginn jeweils 18.30 Uhr (im Okt. 17.30 Uhr) auf dem Kirchplatz \/ St\u00e4dtli Sargans, ohne Anmeldung<\/p>\n\n\n\n<p class=\"has-background-color has-text-color\">Reservationen f\u00fcr F\u00fchrungen im Jahr 2025 k\u00f6nnen \u00fcber <a href=\"mailto:museum@schloss-sargans.ch\">museum@schloss-sargans.ch<\/a> gebucht werden.<\/p>\n\n\n\n<div class=\"wp-block-buttons is-layout-flex wp-block-buttons-is-layout-flex\"><\/div>\n\n\n\n<div class=\"wp-block-buttons is-layout-flex wp-block-buttons-is-layout-flex\"><\/div>\n\n\n\n<div class=\"wp-block-buttons is-layout-flex wp-block-buttons-is-layout-flex\"><\/div>\n\n\n\n<p class=\"has-background-color has-text-color\"><\/p>\n\n\n\n<p class=\"has-background-color has-text-color\"><\/p>\n\n\n\n<div class=\"wp-block-buttons is-layout-flex wp-block-buttons-is-layout-flex\"><\/div>\n\n\n\n<div class=\"wp-block-buttons is-layout-flex wp-block-buttons-is-layout-flex\"><\/div>\n\n\n\n<div class=\"wp-block-buttons is-layout-flex wp-block-buttons-is-layout-flex\"><\/div>\n\n\n\n<div class=\"wp-block-buttons is-layout-flex wp-block-buttons-is-layout-flex\"><\/div>\n\n<\/div>\n<\/div><\/div>\n<\/div>\n<\/div><\/div>\n\n\n<div class=\"alignfull\"><div id=\"metaslider-id-57\" style=\"width: 100%;\" class=\"ml-slider-3-102-0 metaslider metaslider-flex metaslider-57 ml-slider has-dots-nav ms-theme-default\" role=\"region\" aria-label=\"museum_sargans\" data-height=\"1100\" data-width=\"2600\">\n    <div id=\"metaslider_container_57\">\n        <div id=\"metaslider_57\">\n            <ul class='slides'>\n                <li style=\"display: block; width: 100%;\" class=\"slide-306 ms-image \" aria-roledescription=\"slide\" data-date=\"2020-07-28 14:45:42\" data-slide-type=\"image\"><img loading=\"lazy\" decoding=\"async\" src=\"https:\/\/www.museumsargans.ch\/neu\/wp-content\/uploads\/2020\/07\/museum_sargans_schloss_sommer_bugg_mathias-1-scaled-2560x1083.jpg\" height=\"1100\" width=\"2600\" alt=\"museum sargans schloss sommer\" class=\"slider-57 slide-306 msDefaultImage\" title=\"museum sargans schloss sommer\" \/><\/li>\n                <li style=\"display: none; width: 100%;\" class=\"slide-304 ms-image \" aria-roledescription=\"slide\" data-date=\"2020-07-28 14:45:42\" data-slide-type=\"image\"><img loading=\"lazy\" decoding=\"async\" src=\"https:\/\/www.museumsargans.ch\/neu\/wp-content\/uploads\/2020\/07\/museum_sargans_schloss-scaled-2560x1083.jpg\" height=\"1100\" width=\"2600\" alt=\"museum sargans schloss sommer\" class=\"slider-57 slide-304 msDefaultImage\" title=\"museum sargans schloss sommer\" \/><\/li>\n                <li style=\"display: none; width: 100%;\" class=\"slide-322 ms-image \" aria-roledescription=\"slide\" data-date=\"2020-07-29 06:12:08\" data-slide-type=\"image\"><img loading=\"lazy\" decoding=\"async\" src=\"https:\/\/www.museumsargans.ch\/neu\/wp-content\/uploads\/2020\/07\/museum_sargans_innenansicht_ausstellung-scaled-2560x1083.jpg\" height=\"1100\" width=\"2600\" alt=\"museum sargans innenansicht ausstellung\" class=\"slider-57 slide-322 msDefaultImage\" title=\"museum sargans innenansicht ausstellung\" \/><\/li>\n            <\/ul>\n        <\/div>\n        \n    <\/div>\n<\/div><\/div>\n\n\n<div  class=\"grids-section grids-is-stretch alignfull\" style=\"--_gs-gap-desktop:0px 0px;--_gs-m-desktop:0px 0 0px 0;--_gs-p-desktop:50px 0 50px 0;--_gs-bg-desktop:#e8e8e8 none;--_gs-bg-xp-desktop:0px;--_gs-zi-desktop:auto;--_gs-d-desktop:block;--_gs-mw-desktop:calc(100% - 0 - 0);--_gs-gap-tablet:0px 0px;--_gs-m-tablet:0px 0 0px 0;--_gs-p-tablet:50px 0 50px 0;--_gs-bg-tablet:#e8e8e8 none;--_gs-bg-xp-tablet:0px;--_gs-zi-tablet:auto;--_gs-d-tablet:block;--_gs-mw-tablet:calc(100% - 0 - 0);--_gs-gap-mobile:0px 0px;--_gs-m-mobile:0px 0 0px 0;--_gs-p-mobile:20px 0 50px 0;--_gs-bg-mobile:#e8e8e8 none;--_gs-bg-xp-mobile:0px;--_gs-zi-mobile:auto;--_gs-d-mobile:block;--_gs-mw-mobile:calc(100% - 0 - 0);--_gs-columns:1;--_gs-rows:1\"><div class=\"grids-s-w_i\">\n<div class=\"grids-area\" style=\"--_ga-column:1\/2;--_ga-row:1\/2;--_ga-m-desktop:0 0 0 0;--_ga-p-desktop:0 0 0 0;--_ga-bg-desktop:transparent none;--_ga-zi-desktop:auto;--_ga-d-desktop:flex;--_ga-mw-desktop:calc(100% - 0 - 0);--_ga-m-tablet:0 0 0 0;--_ga-p-tablet:0 0 0 0;--_ga-bg-tablet:transparent none;--_ga-zi-tablet:auto;--_ga-d-tablet:flex;--_ga-mw-tablet:calc(100% - 0 - 0);--_ga-m-mobile:0 0 0 0;--_ga-p-mobile:0 0 0 0;--_ga-bg-mobile:transparent none;--_ga-zi-mobile:auto;--_ga-d-mobile:flex;--_ga-mw-mobile:calc(100% - 0 - 0)\">\n<div  class=\"grids-section section-inner grids-is-stretch\" style=\"--_gs-gap-desktop:0px 0px;--_gs-m-desktop:0 0 0 0;--_gs-p-desktop:0 0 0 0;--_gs-bg-desktop:transparent none;--_gs-bg-xp-desktop:0px;--_gs-zi-desktop:auto;--_gs-d-desktop:block;--_gs-mw-desktop:calc(100% - 0 - 0);--_gs-gap-tablet:0px 0px;--_gs-m-tablet:0 0 0 0;--_gs-p-tablet:0 0 0 0;--_gs-bg-tablet:transparent none;--_gs-bg-xp-tablet:0px;--_gs-zi-tablet:auto;--_gs-d-tablet:block;--_gs-mw-tablet:calc(100% - 0 - 0);--_gs-gap-mobile:0px 0px;--_gs-m-mobile:0 0 0 0;--_gs-p-mobile:0 0 0 0;--_gs-bg-mobile:transparent none;--_gs-bg-xp-mobile:0px;--_gs-zi-mobile:auto;--_gs-d-mobile:block;--_gs-mw-mobile:calc(100% - 0 - 0);--_gs-columns:3;--_gs-rows:1\"><div class=\"grids-s-w_i\">\n<div class=\"grids-area\" style=\"--_ga-column:1\/3;--_ga-row:1\/2;--_ga-m-desktop:0 0 0 0;--_ga-p-desktop:0 50px 0 0;--_ga-bg-desktop:transparent none;--_ga-zi-desktop:auto;--_ga-d-desktop:flex;--_ga-mw-desktop:calc(100% - 0 - 0);--_ga-m-tablet:0 0 0 0;--_ga-p-tablet:0 50px 0 0;--_ga-bg-tablet:transparent none;--_ga-zi-tablet:auto;--_ga-d-tablet:flex;--_ga-mw-tablet:calc(100% - 0 - 0);--_ga-m-mobile:0 0 0 0;--_ga-p-mobile:0 50px 0 0;--_ga-bg-mobile:transparent none;--_ga-zi-mobile:auto;--_ga-d-mobile:flex;--_ga-mw-mobile:calc(100% - 0 - 0)\">\n\n<h2 class=\"wp-block-heading\">Museum<\/h2>\n\n\n\n<h4 class=\"wp-block-heading\">Steigen Sie die Treppen hoch!<\/h4>\n\n\n\n<p>Das Museum Sarganserland ist im Turm des\nSchlosses Sargans eingerichtet. \u00dcber die sechs Stockwerke des Turms verteilt,\nerf\u00e4hrt man alles \u00fcber die Geschichte, das Handwerk, das Gonzenbergwerk sowie\ndie b\u00e4uerliche Arbeit und das Alpwesen rund um das Sarganserland.<\/p>\n\n\n\n<p>Im Museum Sarganserland sehen Sie hin, Sie\nbet\u00e4tigen sich aber auch aktiv! Verschiedene Stationen wie R\u00e4tselw\u00e4nde, Maltische oder unseren\nneuen, interessanten Blue Ray DVD, \u00fcber die Geschichte, Sehensw\u00fcrdigkeiten und Braucht\u00fcmer des Sarganserlandes, lassen\nIhren Besuch zum Erlebnis werden.<\/p>\n\n\n<div  class=\"grids-section grids-is-stretch\" style=\"--_gs-gap-desktop:0px 0px;--_gs-m-desktop:0 0 0 0;--_gs-p-desktop:0 0 0 0;--_gs-bg-desktop:transparent none;--_gs-bg-xp-desktop:0px;--_gs-zi-desktop:auto;--_gs-d-desktop:block;--_gs-mw-desktop:calc(100% - 0 - 0);--_gs-gap-tablet:0px 0px;--_gs-m-tablet:0 0 0 0;--_gs-p-tablet:0 0 0 0;--_gs-bg-tablet:transparent none;--_gs-bg-xp-tablet:0px;--_gs-zi-tablet:auto;--_gs-d-tablet:block;--_gs-mw-tablet:calc(100% - 0 - 0);--_gs-gap-mobile:0px 0px;--_gs-m-mobile:0 0 0 0;--_gs-p-mobile:0 0 0 0;--_gs-bg-mobile:transparent none;--_gs-bg-xp-mobile:0px;--_gs-zi-mobile:auto;--_gs-d-mobile:block;--_gs-mw-mobile:calc(100% - 0 - 0);--_gs-columns:1;--_gs-rows:1\"><div class=\"grids-s-w_i\">\n<div class=\"grids-area buttonWrapper\" style=\"--_ga-column:1\/2;--_ga-row:1\/2;--_ga-m-desktop:0 0 0 0;--_ga-p-desktop:0 0 0 0;--_ga-bg-desktop:transparent none;--_ga-zi-desktop:auto;--_ga-d-desktop:flex;--_ga-mw-desktop:calc(100% - 0 - 0);--_ga-m-tablet:0 0 0 0;--_ga-p-tablet:0 0 0 0;--_ga-bg-tablet:transparent none;--_ga-zi-tablet:auto;--_ga-d-tablet:flex;--_ga-mw-tablet:calc(100% - 0 - 0);--_ga-m-mobile:0 0 0 0;--_ga-p-mobile:0 0 0 0;--_ga-bg-mobile:transparent none;--_ga-zi-mobile:auto;--_ga-d-mobile:flex;--_ga-mw-mobile:calc(100% - 0 - 0)\">\n\n<div class=\"wp-block-button\"><a class=\"wp-block-button__link\" href=\"#buchen\">Besuchen Sie uns<\/a><\/div>\n\n\n\n<div class=\"wp-block-button\"><a class=\"wp-block-button__link\" href=\"mailto:info@museumsargans.ch?subject=Museum%20Sargans%20F\u00fchrung%20buchen\">F\u00fchrung buchen<\/a><\/div>\n\n<\/div>\n<\/div><\/div>\n\n\n\n\n<\/div>\n\n<div class=\"grids-area\" style=\"--_ga-column:3\/4;--_ga-row:1\/2;--_ga-m-desktop:0 0 0 0;--_ga-p-desktop:0 0 0 0;--_ga-bg-desktop:transparent none;--_ga-zi-desktop:auto;--_ga-d-desktop:flex;--_ga-mw-desktop:calc(100% - 0 - 0);--_ga-m-tablet:0 0 0 0;--_ga-p-tablet:0 0 0 0;--_ga-bg-tablet:transparent none;--_ga-zi-tablet:auto;--_ga-d-tablet:flex;--_ga-mw-tablet:calc(100% - 0 - 0);--_ga-m-mobile:0 0 0 0;--_ga-p-mobile:0 0 0 0;--_ga-bg-mobile:transparent none;--_ga-zi-mobile:auto;--_ga-d-mobile:flex;--_ga-mw-mobile:calc(100% - 0 - 0)\">\n\n<figure class=\"wp-block-image size-large\"><img decoding=\"async\" src=\"https:\/\/www.museumsargans.ch\/neu\/wp-content\/uploads\/2020\/07\/ms_grafik_schloss_website.svg\" alt=\"\" class=\"wp-image-245\"\/><\/figure>\n\n\n\n<a href=\"https:\/\/www.museumsargans.ch\/neu\/?page_id=107\" class=\"zoom\">\n\t<p>zoom<\/p>\n\t<svg xmlns=\"https:\/\/www.w3.org\/2000\/svg\" width=\"26.235\" height=\"26.235\" viewBox=\"0 0 26.235 26.235\">\n\t\t<path id=\"zoomIn\" data-name=\"Icon material-zoom-in\" d=\"M23.25,21H22.065l-.42-.405a9.765,9.765,0,1,0-1.05,1.05l.405.42V23.25l7.5,7.485L30.735,28.5Zm-9,0A6.75,6.75,0,1,1,21,14.25,6.741,6.741,0,0,1,14.25,21ZM18,15H15v3H13.5V15h-3V13.5h3v-3H15v3h3Z\" transform=\"translate(-4.5 -4.5)\" fill=\"#095199\"><\/path>\n\t<\/svg>\n<\/a>\n\n<\/div>\n<\/div><\/div>\n\n<div  class=\"grids-section section-inner grids-is-stretch\" style=\"--_gs-gap-desktop:0px 0px;--_gs-m-desktop:0 0 0 0;--_gs-p-desktop:0 0 0 0;--_gs-bg-desktop:transparent none;--_gs-bg-xp-desktop:0px;--_gs-zi-desktop:auto;--_gs-d-desktop:block;--_gs-mw-desktop:calc(100% - 0 - 0);--_gs-gap-tablet:0px 0px;--_gs-m-tablet:0 0 0 0;--_gs-p-tablet:0 0 0 0;--_gs-bg-tablet:transparent none;--_gs-bg-xp-tablet:0px;--_gs-zi-tablet:auto;--_gs-d-tablet:block;--_gs-mw-tablet:calc(100% - 0 - 0);--_gs-gap-mobile:0px 0px;--_gs-m-mobile:0 0 0 0;--_gs-p-mobile:0px 0 0px 0;--_gs-bg-mobile:transparent none;--_gs-bg-xp-mobile:0px;--_gs-zi-mobile:auto;--_gs-d-mobile:block;--_gs-mw-mobile:calc(100% - 0 - 0);--_gs-columns:2;--_gs-rows:1\"><div class=\"grids-s-w_i\">\n<div class=\"grids-area\" style=\"--_ga-column:1\/2;--_ga-row:1\/2;--_ga-m-desktop:0 0 0 0;--_ga-p-desktop:0 25px 0 0;--_ga-bg-desktop:transparent none;--_ga-zi-desktop:auto;--_ga-d-desktop:flex;--_ga-mw-desktop:calc(100% - 0 - 0);--_ga-m-tablet:0 0 0 0;--_ga-p-tablet:0 40px 0 0;--_ga-bg-tablet:transparent none;--_ga-zi-tablet:auto;--_ga-d-tablet:flex;--_ga-mw-tablet:calc(100% - 0 - 0);--_ga-m-mobile:0 0 0 0;--_ga-p-mobile:0 40px 0 0;--_ga-bg-mobile:transparent none;--_ga-zi-mobile:auto;--_ga-d-mobile:flex;--_ga-mw-mobile:calc(100% - 0 - 0)\">\n\n<h2 class=\"wp-block-heading\">F\u00fchrungen<\/h2>\n\n\n\n<h4 class=\"wp-block-heading\">Es gibt noch mehr zu erfahren<\/h4>\n\n\n\n<p> Das Museum Sarganserland und das Schloss Sargans lassen sich individuell erkunden. Gerne bieten wir auch gef\u00fchrte Rundg\u00e4nge an. Ausgebildete F\u00fchrerinnen und F\u00fchrer geben Ihnen interessante Hintergrundinformationen. Dauer 60\u201390 Minuten. Gerne passen wir uns zeitlich und thematisch Ihren W\u00fcnschen an. Besprechen Sie mit uns Ihren Besuch! Das Museumsteam gibt Ihnen gerne unter <a href=\"tel:+41817236569\">081 723 65 69<\/a>&nbsp;weitere Ausk\u00fcnfte.  <\/p>\n\n\n\n<div class=\"wp-block-button\"><a class=\"wp-block-button__link\" href=\"#buchen\">Preise und Buchungsinformationen<\/a><\/div>\n\n<\/div>\n\n<div class=\"grids-area\" style=\"--_ga-column:2\/3;--_ga-row:1\/2;--_ga-m-desktop:0 0 0 0;--_ga-p-desktop:0 0 0 25px;--_ga-bg-desktop:transparent none;--_ga-zi-desktop:auto;--_ga-d-desktop:flex;--_ga-mw-desktop:calc(100% - 0 - 0);--_ga-m-tablet:0 0 0 0;--_ga-p-tablet:0 0 0 25px;--_ga-bg-tablet:transparent none;--_ga-zi-tablet:auto;--_ga-d-tablet:flex;--_ga-mw-tablet:calc(100% - 0 - 0);--_ga-m-mobile:0 0 0 0;--_ga-p-mobile:20px 0 0 25px;--_ga-bg-mobile:transparent none;--_ga-zi-mobile:auto;--_ga-d-mobile:flex;--_ga-mw-mobile:calc(100% - 0 - 0)\">\n\n<h2 class=\"wp-block-heading\">Sarganser Kulturpfad<\/h2>\n\n\n\n<h4 class=\"wp-block-heading\">Spaziergang durch das St\u00e4dtchen<\/h4>\n\n\n\n<p>Kombinieren Sie den Besuch im Museum Sarganserland und auf dem Schloss mit einem Spaziergang durch das malerische St\u00e4dtchen Sargans! Das St\u00e4dtchen ist gut zu erreichen und bietet auch Verpflegungsm\u00f6glichkeiten.<\/p>\n\n\n\n<div class=\"wp-block-button\"><a class=\"wp-block-button__link\" href=\"https:\/\/www.museumsargans.ch\/neu\/wp-content\/uploads\/2020\/07\/Kulturpfad.pdf\">Mehr Informationen<\/a><\/div>\n\n<\/div>\n<\/div><\/div>\n<\/div>\n<\/div><\/div>\n\n<div  id=\"buchen\" class=\"grids-section grids-is-stretch alignfull\" style=\"--_gs-gap-desktop:0px 0px;--_gs-m-desktop:0 0 0 0;--_gs-p-desktop:100px 0 150px 0;--_gs-bg-desktop:#ffffff none;--_gs-bg-xp-desktop:0px;--_gs-zi-desktop:auto;--_gs-d-desktop:block;--_gs-mw-desktop:calc(100% - 0 - 0);--_gs-gap-tablet:0px 0px;--_gs-m-tablet:0 0 0 0;--_gs-p-tablet:100px 0 150px 0;--_gs-bg-tablet:#ffffff none;--_gs-bg-xp-tablet:0px;--_gs-zi-tablet:auto;--_gs-d-tablet:block;--_gs-mw-tablet:calc(100% - 0 - 0);--_gs-gap-mobile:0px 0px;--_gs-m-mobile:0 0 0 0;--_gs-p-mobile:20px 0 50px 0;--_gs-bg-mobile:#ffffff none;--_gs-bg-xp-mobile:0px;--_gs-zi-mobile:auto;--_gs-d-mobile:block;--_gs-mw-mobile:calc(100% - 0 - 0);--_gs-columns:1;--_gs-rows:1\"><div class=\"grids-s-w_i\">\n<div class=\"grids-area besuchMuseum oeffnungszeitenEintritt\" style=\"--_ga-column:1\/2;--_ga-row:1\/2;--_ga-m-desktop:0 0 0 0;--_ga-p-desktop:0 0 0 0;--_ga-bg-desktop:transparent none;--_ga-zi-desktop:auto;--_ga-d-desktop:flex;--_ga-mw-desktop:calc(100% - 0 - 0);--_ga-m-tablet:0 0 0 0;--_ga-p-tablet:0 0 0 0;--_ga-bg-tablet:transparent none;--_ga-zi-tablet:auto;--_ga-d-tablet:flex;--_ga-mw-tablet:calc(100% - 0 - 0);--_ga-m-mobile:0 0 0 0;--_ga-p-mobile:0 0 0 0;--_ga-bg-mobile:transparent none;--_ga-zi-mobile:auto;--_ga-d-mobile:flex;--_ga-mw-mobile:calc(100% - 0 - 0)\">\n<div  class=\"grids-section section-inner museumBesuch grids-is-stretch\" style=\"--_gs-gap-desktop:0px 0px;--_gs-m-desktop:0 0 0px 0;--_gs-p-desktop:0px 0px 0px 0px;--_gs-bg-desktop:transparent none;--_gs-bg-xp-desktop:0px;--_gs-zi-desktop:auto;--_gs-d-desktop:block;--_gs-mw-desktop:calc(100% - 0 - 0);--_gs-gap-tablet:0px 0px;--_gs-m-tablet:0 0 0px 0;--_gs-p-tablet:0px 0px 0px 0px;--_gs-bg-tablet:transparent none;--_gs-bg-xp-tablet:0px;--_gs-zi-tablet:auto;--_gs-d-tablet:block;--_gs-mw-tablet:calc(100% - 0 - 0);--_gs-gap-mobile:0px 0px;--_gs-m-mobile:0 0 0px 0;--_gs-p-mobile:0px 0px 0px 0px;--_gs-bg-mobile:transparent none;--_gs-bg-xp-mobile:0px;--_gs-zi-mobile:auto;--_gs-d-mobile:block;--_gs-mw-mobile:calc(100% - 0 - 0);--_gs-columns:2;--_gs-rows:1\"><div class=\"grids-s-w_i\">\n<div class=\"grids-area\" style=\"--_ga-column:1\/2;--_ga-row:1\/2;--_ga-m-desktop:0 0 0 0;--_ga-p-desktop:0 25px 0 0;--_ga-bg-desktop:transparent none;--_ga-zi-desktop:auto;--_ga-d-desktop:flex;--_ga-mw-desktop:calc(100% - 0 - 0);--_ga-m-tablet:0 0 0 0;--_ga-p-tablet:0 25px 0 0;--_ga-bg-tablet:transparent none;--_ga-zi-tablet:auto;--_ga-d-tablet:flex;--_ga-mw-tablet:calc(100% - 0 - 0);--_ga-m-mobile:0 0 0 0;--_ga-p-mobile:0 25px 0 0;--_ga-bg-mobile:transparent none;--_ga-zi-mobile:auto;--_ga-d-mobile:flex;--_ga-mw-mobile:calc(100% - 0 - 0)\">\n\n<h2 class=\"wp-block-heading\">Informationen<\/h2>\n\n\n\n<h4 class=\"has-text-color wp-block-heading\" style=\"color:#006eb9\">Plane deinen Besuch im Museum<\/h4>\n\n<\/div>\n\n<div class=\"grids-area\" style=\"--_ga-column:2\/3;--_ga-row:1\/2;--_ga-m-desktop:0 0 0 0;--_ga-p-desktop:0 0 0 25px;--_ga-bg-desktop:transparent none;--_ga-zi-desktop:auto;--_ga-d-desktop:flex;--_ga-mw-desktop:calc(100% - 0 - 0);--_ga-m-tablet:0 0 0 0;--_ga-p-tablet:0 0 0 25px;--_ga-bg-tablet:transparent none;--_ga-zi-tablet:auto;--_ga-d-tablet:flex;--_ga-mw-tablet:calc(100% - 0 - 0);--_ga-m-mobile:0 0 0 0;--_ga-p-mobile:0 0 0 25px;--_ga-bg-mobile:transparent none;--_ga-zi-mobile:auto;--_ga-d-mobile:flex;--_ga-mw-mobile:calc(100% - 0 - 0)\"><\/div>\n<\/div><\/div>\n\n<div  class=\"grids-section section-inner grids-is-stretch\" style=\"--_gs-gap-desktop:0px 0px;--_gs-m-desktop:0 0 0 0;--_gs-p-desktop:0px 0 0px 0;--_gs-bg-desktop:transparent none;--_gs-bg-xp-desktop:0px;--_gs-zi-desktop:auto;--_gs-d-desktop:block;--_gs-mw-desktop:calc(100% - 0 - 0);--_gs-gap-tablet:0px 0px;--_gs-m-tablet:0 0 0 0;--_gs-p-tablet:0px 0 0px 0;--_gs-bg-tablet:transparent none;--_gs-bg-xp-tablet:0px;--_gs-zi-tablet:auto;--_gs-d-tablet:block;--_gs-mw-tablet:calc(100% - 0 - 0);--_gs-gap-mobile:0px 0px;--_gs-m-mobile:0 0 0 0;--_gs-p-mobile:0px 0 0px 0;--_gs-bg-mobile:transparent none;--_gs-bg-xp-mobile:0px;--_gs-zi-mobile:auto;--_gs-d-mobile:block;--_gs-mw-mobile:calc(100% - 0 - 0);--_gs-columns:2;--_gs-rows:1\"><div class=\"grids-s-w_i\">\n<div class=\"grids-area\" style=\"--_ga-column:1\/2;--_ga-row:1\/2;--_ga-m-desktop:0 0 0 0;--_ga-p-desktop:0 25px 0 0;--_ga-bg-desktop:transparent none;--_ga-zi-desktop:auto;--_ga-d-desktop:flex;--_ga-mw-desktop:calc(100% - 0 - 0);--_ga-m-tablet:0 0 0 0;--_ga-p-tablet:0 25px 0 0;--_ga-bg-tablet:transparent none;--_ga-zi-tablet:auto;--_ga-d-tablet:flex;--_ga-mw-tablet:calc(100% - 0 - 0);--_ga-m-mobile:0 0 0 0;--_ga-p-mobile:0 25px 0 0;--_ga-bg-mobile:transparent none;--_ga-zi-mobile:auto;--_ga-d-mobile:flex;--_ga-mw-mobile:calc(100% - 0 - 0)\">\n\n<figure class=\"wp-block-table\"><table><tbody><tr><td><strong>\u00d6ffnungszeiten<\/strong><\/td><td><\/td><\/tr><tr><td>Montag<\/td><td>geschlossen<\/td><\/tr><tr><td>Dienstag bis Sonntag<\/td><td>10.00 \u2013 17.00\u2009Uhr<\/td><\/tr><\/tbody><\/table><\/figure>\n\n\n\n<p class=\"oeffnungMonat\"><em>\u00d6ffnung vom 1. April bis 31. Oktober<\/em><\/p>\n\n\n\n<figure class=\"wp-block-table\"><table><tbody><tr><td><strong>Eintritt<\/strong><\/td><td><\/td><\/tr><tr><td>Erwachsene<\/td><td>Fr. 10.\u2013<\/td><\/tr><tr><td>Kinder (6 bis 16 Jahre)<\/td><td>Fr. 5.\u2013<\/td><\/tr><tr><td>Stundenten und Lehrlinge<\/td><td>Fr. 8.\u2013<\/td><\/tr><tr><td>Gruppen ab 15 Personen je<\/td><td>Fr. 8.\u2013<\/td><\/tr><tr><td>F\u00fchrungen auf Anmeldung<\/td><td>Fr. 120.\u2013<\/td><\/tr><\/tbody><\/table><\/figure>\n\n\n\n<figure class=\"wp-block-table\"><table><tbody><tr><td><strong>Kontakt<\/strong><\/td><\/tr><tr><td><a href=\"mailto:museum@schloss-sargans.ch\" data-type=\"mailto\" data-id=\"mailto:museum@schloss-sargans.ch\" target=\"_blank\" rel=\"noreferrer noopener\">museum@schloss-sargans.ch<\/a><br><a href=\"tel:+41817236569\">Telefon 081 723 65 69<\/a><\/td><\/tr><\/tbody><\/table><\/figure>\n\n<\/div>\n\n<div class=\"grids-area mapsWrapper besuchMuseum\" style=\"--_ga-column:2\/3;--_ga-row:1\/2;--_ga-m-desktop:0 0 0 0;--_ga-p-desktop:0 0 0 25px;--_ga-bg-desktop:transparent none;--_ga-zi-desktop:auto;--_ga-d-desktop:flex;--_ga-mw-desktop:calc(100% - 0 - 0);--_ga-m-tablet:0 0 0 0;--_ga-p-tablet:0 0 0 25px;--_ga-bg-tablet:transparent none;--_ga-zi-tablet:auto;--_ga-d-tablet:flex;--_ga-mw-tablet:calc(100% - 0 - 0);--_ga-m-mobile:0 0 0 0;--_ga-p-mobile:0 0 0 25px;--_ga-bg-mobile:transparent none;--_ga-zi-mobile:auto;--_ga-d-mobile:flex;--_ga-mw-mobile:calc(100% - 0 - 0)\">\n\n<p class=\"standort\"><strong>Standort &amp; Anfahrt<\/strong><\/p>\n\n\n\n<iframe id=\"maps\" src=\"https:\/\/www.google.com\/maps\/embed?pb=!1m18!1m12!1m3!1d2718.484876045695!2d9.435059315611309!3d47.05033807915164!2m3!1f0!2f0!3f0!3m2!1i1024!2i768!4f13.1!3m3!1m2!1s0x4784cd48382486d7%3A0xf8088e444a99cd25!2sSchloss%20Sargans!5e0!3m2!1sde!2sch!4v1593501446073!5m2!1sde!2sch\" width=\"100%\" frameborder=\"0\" style=\"border:0;\" allowfullscreen=\"\" aria-hidden=\"false\" tabindex=\"0\"><\/iframe>\n\n\n\n<p class=\"anfahrt\"><strong>\u00d6V: <\/strong>10\u201315 Minuten Fussmarsch ab Bahnhof Sargans. <strong>Auto: <\/strong>Von Z\u00fcrich und Chur: Autobahnausfahrt Sargans ca. 800 \u00ad\u00adm Richtung Tr\u00fcbbach, dann den Wegweisern folgen. Von St.Gallen: Autobahnausfahrt Tr\u00fcbbach auf Hauptstrasse Richtung Sargans, dann den Wegweisern folgen. (Beschr\u00e4nkte Anzahl Parkpl\u00e4tze vorhanden)<\/p>\n\n<\/div>\n<\/div><\/div>\n<\/div>\n<\/div><\/div>\n\n\n\n","protected":false},"excerpt":{"rendered":"","protected":false},"author":1,"featured_media":0,"parent":0,"menu_order":0,"comment_status":"closed","ping_status":"closed","template":"templates\/template-full-width.php","meta":{"inline_featured_image":false,"footnotes":""},"class_list":["post-39","page","type-page","status-publish","hentry"],"_links":{"self":[{"href":"https:\/\/www.museumsargans.ch\/neu\/wp-json\/wp\/v2\/pages\/39","targetHints":{"allow":["GET"]}}],"collection":[{"href":"https:\/\/www.museumsargans.ch\/neu\/wp-json\/wp\/v2\/pages"}],"about":[{"href":"https:\/\/www.museumsargans.ch\/neu\/wp-json\/wp\/v2\/types\/page"}],"author":[{"embeddable":true,"href":"https:\/\/www.museumsargans.ch\/neu\/wp-json\/wp\/v2\/users\/1"}],"replies":[{"embeddable":true,"href":"https:\/\/www.museumsargans.ch\/neu\/wp-json\/wp\/v2\/comments?post=39"}],"version-history":[{"count":130,"href":"https:\/\/www.museumsargans.ch\/neu\/wp-json\/wp\/v2\/pages\/39\/revisions"}],"predecessor-version":[{"id":669,"href":"https:\/\/www.museumsargans.ch\/neu\/wp-json\/wp\/v2\/pages\/39\/revisions\/669"}],"wp:attachment":[{"href":"https:\/\/www.museumsargans.ch\/neu\/wp-json\/wp\/v2\/media?parent=39"}],"curies":[{"name":"wp","href":"https:\/\/api.w.org\/{rel}","templated":true}]}}